353732?
6
What is the units digit of 70756?
6
What is the units digit of 4661087?
7
What is the thousands digit of 2156407?
6
What is the tens digit of 7691489?
8
What is the hundred thousands digit of 16714226?
7
What is the millions digit of 1918922?
1
What is the tens digit of 311546?
4
What is the tens digit of 3353825?
2
What is the ten thousands digit of 1056875?
5
What is the thousands digit of 2778035?
8
What is the hundreds digit of 405903?
9
What is the thousands digit of 2340885?
0
What is the ten thousands digit of 1690402?
9
What is the ten thousands digit of 16375114?
7
What is the units digit of 48177?
7
What is the hundred thousands digit of 2728475?
7
What is the thousands digit of 482458?
2
What is the thousands digit of 7593088?
3
What is the thousands digit of 402278?
2
What is the units digit of 2514040?
0
What is the hundreds digit of 1937155?
1
What is the millions digit of 2218622?
2
What is the hundreds digit of 11368469?
4
What is the hundreds digit of 1921106?
1
What is the ten thousands digit of 2272934?
7
What is the thousands digit of 39648?
9
What is the thousands digit of 96596?
6
What is the tens digit of 109798?
9
What is the ten thousands digit of 20967867?
6
What is the thousands digit of 59679?
9
What is the units digit of 1070309?
9
What is the units digit of 14754608?
8
What is the thousands digit of 103347?
3
What is the thousands digit of 116275?
6
What is the hundred thousands digit of 974857?
9
What is the ten thousands digit of 14354017?
5
What is the millions digit of 19888625?
9
What is the hundred thousands digit of 209970?
2
What is the units digit of 84033?
3
What is the millions digit of 1017300?
1
What is the tens digit of 108800?
0
What is the hundreds digit of 228884?
8
What is the units digit of 675385?
5
What is the ten thousands digit of 3763588?
6
What is the hundreds digit of 3378859?
8
What is the thousands digit of 27806673?
6
What is the millions digit of 4735332?
4
What is the millions digit of 5695475?
5
What is the hundred thousands digit of 242995?
2
What is the ten thousands digit of 386456?
8
What is the thousands digit of 23086688?
6
What is the tens digit of 1485291?
9
What is the units digit of 15689757?
7
What is the units digit of 163013?
3
What is the units digit of 8191587?
7
What is the ten millions digit of 27123688?
2
What is the ten thousands digit of 13661335?
6
What is the hundred thousands digit of 631513?
6
What is the thousands digit of 1007781?
7
What is the units digit of 1784591?
1
What is the tens digit of 16710713?
1
What is the tens digit of 1015268?
6
What is the ten thousands digit of 331432?
3
What is the millions digit of 1030345?
1
What is the tens digit of 298905?
0
What is the tens digit of 2078652?
5
What is the ten thousands digit of 1428697?
2
What is the hundred thousands digit of 5895944?
8
What is the millions digit of 25895782?
5
What is the thousands digit of 443716?
3
What is the hundred thousands digit of 4766695?
7
What is the units digit of 1792516?
6
What is the units digit of 3301858?
8
What is the hundreds digit of 242434?
4
What is the ten thousands digit of 1433764?
3
What is the tens digit of 2984156?
5
What is the hundreds digit of 1401072?
0
What is the millions digit of 3096900?
3
What is the hundreds digit of 652766?
7
What is the hundreds digit of 11143500?
5
What is the hundred thousands digit of 136243?
1
What is the units digit of 202185?
5
What is the hundred thousands digit of 4936075?
9
What is the tens digit of 7204066?
6
What is the ten millions digit of 11352285?
1
What is the hundreds digit of 369904?
9
What is the hundreds digit of 7905906?
9
What is the ten thousands digit of 1419671?
1
What is the tens digit of 11836116?
1
What is the hundreds digit of 4919089?
0
What is the tens digit of 312510?
1
What is the tens digit of 90766?
6
What is the thousands digit of 228805?
8
What is the thousands digit of 306201?
6
What is the units digit of 16530518?
8
What is the tens digit of 180421?
2
What is the tens digit of 224089?
8
What is the ten thousands digit of 357623?
5
What is the ten thousands digit of 50241?
5
What is the millions digit of 32163455?
2
What is the hundreds digit of 4164072?
0
What is the hundreds digit of 38253?
2
What is the tens digit of 9962580?
8
What is the tens digit of 28352010?
1
What is the hundreds digit of 736572?
5
What is the hundreds digit of 615211?
2
What is the thousands digit of 100245?
0
What is the hundreds digit of 615487?
4
What is the ten thousands digit of 216474?
1
What is the hundreds digit of 3110735?
7
What is the hundreds digit of 134066?
0
What is the tens digit of 147897?
9
What is the millions digit of 13299118?
3
What is the units digit of 162398?
8
What is the tens digit of 529040?
4
What is the tens digit of 446925?
2
What is the thousands digit of 3553067?
3
What is the hundreds digit of 3516?
5
What is the units digit of 865358?
8
What is the hundred thousands digit of 1295224?
2
What is the units digit of 37612850?
0
What is the units digit of 2169485?
5
What is the ten thousands digit of 12377081?
7
What is the millions digit of 7570667?
7
What is the hundreds digit of 3610?
6
What is the tens digit of 230668?
6
What is the ten thousands digit of 399605?
9
What is the tens digit of 3580867?
6
What is the units digit of 1294524?
4
What is the tens digit of 17669540?
4
What is the hundreds digit of 3890124?
1
What is the ten millions digit of 34445472?
3
What is the units digit of 11578910?
0
What is the tens digit of 7859392?
9
What is the thousands digit of 25332?
5
What is the thousands digit of 9017216?
7
What is the millions digit of 3192797?
3
What is the units digit of 986562?
2
What is the hundreds digit of 54546?
5
What is the hundred thousands digit of 160548?
1
What is the ten thousands digit of 3820323?
2
What is the hundreds digit of 163088?
0
What is the ten thousands digit of 349917?
4
What is the ten millions digit of 23516167?
2
What is the hundred thousands digit of 293630?
2
What is the thousands digit of 380802?
0
What is the thousands digit of 15923600?
3
What is the ten thousands digit of 5536821?
3
What is the ten thousands digit of 1905771?
0
What is the hundreds digit of 407833?
8
What is the hundreds digit of 3059265?
2
What is the hundred thousands digit of 7052716?
0
What is the hundreds digit of 208691?
6
What is the units digit of 672088?
8
What is the units digit of 30667867?
7
What is the ten millions digit of 24325995?
2
What is the ten thousands digit of 4953483?
5
What is the hundred thousands digit of 10034288?
0
What is the hundreds digit of 14112546?
5
What is the thousands digit of 7271745?
1
What is the thousands digit of 9750?
9
What is the tens digit of 3091527?
2
What is the thousands digit of 2762446?
2
What is the hundred thousands digit of 15508145?
5
What is the hundred thousands digit of 4137030?
1
What is the units digit of 462802?
2
What is the hundreds digit of 10278391?
3
What is the hundred thousands digit of 5937991?
9
What is the hundred thousands digit of 401261?
4
What is the hundreds digit of 18333965?
9
What is the hundred thousands digit of 4481928?
4
What is the ten thousands digit of 5537352?
3
What is the thousands digit of 2848698?
8
What is the hundreds digit of 4827916?
9
What is the units digit of 42292?
2
What is the thousands digit of 20042943?
2
What is the tens digit of 1422758?
5
What is the units digit of 7523206?
6
What is the millions digit of 15289480?
5
What is the tens digit of 57451?
5
What is the ten thousands digit of 202783?
0
What is the thousands digit of 372825?
2
What is the units digit of 1175993?
3
What is the thousands digit of 76811?
6
What is the tens digit of 425818?
1
What is the hundreds digit of 22217?
2
What is the tens digit of 673903?
0
What is the millions digit of 1181303?
1
What is the tens digit of 381472?
7
What is the units digit of 239696?
6
What is the ten thousands digit of 460793?
6
What is the thousands digit of 22233285?
3
What is the thousands digit of 302543?
2
What is the thousands digit of 6576958?
6
What is the units digit of 11891368?
8
What is the hundreds digit of 129577?
5
What is the ten thousands digit of 539644?
3
What is the units digit 